ermine h(54).
99
Let j(d) = -6*d**2 - 52*d + 937. Give j(8).
137
Let v(n) = -10*n**2 + 202*n + 4789. What is v(-14)?
1
Let i(b) = -11465*b + 275141. What is i(24)?
-19
Let j(o) = -21186*o - 1271165. What is j(-60)?
-5
Let k(s) = -6*s**2 - 928*s + 3024. What is k(-158)?
-136
Let z(o) = -3*o**2 + 105*o - 332. Determine z(41).
-1070
Let f(r) = -r**2 + 39*r + 246123. Calculate f(516).
-9
Let x(p) = 37*p - 939. Determine x(36).
393
Let m(n) = 65*n**3 - 209*n**2 - 449*n - 34. Calculate m(-2).
-492
Let z(x) = x**2 + 638875*x + 3194364. Calculate z(-5).
14
Let b(u) = -2*u**2 - 10098*u + 50497. Give b(5).
-43
Let y(j) = 3*j**2 + 6886*j + 911301. What is y(-141)?
18
Let n(b) = -b**3 - 63*b**2 + 521*b + 15915. Determine n(-67).
-1036
Let r(k) = -2*k**3 + 14*k**2 + 77*k - 202. Calculate r(10).
-32
Let y(a) = -2*a**3 + 31*a**2 - 18815*a + 320739. Calculate y(17).
17
Let n(z) = 2*z**3 + 196*z**2 + 2761*z + 6. Determine n(-17).
-113
Let h(v) = -23*v**3 + 56532*v**2 + 4912*v + 9828. Calculate h(2458).
-4
Let k(q) = -6*q**3 - 25*q**2 + 4*q - 32. What is k(-6)?
340
Let g(k) = k**3 - 42*k**2 - 63*k + 848. What is g(-5)?
-12
Let o(a) = a**2 + 42*a - 1197. Give o(-58).
-269
Let s(h) = 2*h**3 + 124*h**2 - 778*h - 290. Determine s(6).
-62
Let z(l) = -90*l**2 - 400*l - 42. Determine z(-5).
-292
Let x(f) = -536*f + 48644. Give x(91).
-132
Let n(t) = -t**3 - 36*t**2 - 308*t + 99. Determine n(-15).
-6
Let i(z) = -z**2 + 497*z - 59346. Calculate i(228).
1986
Let v(j) = 40*j + 2169. What is v(-29)?
1009
Let s(v) = 3758*v + 390839. Calculate s(-104).
7
Let r(l) = -5402*l - 16874. What is r(-3)?
-668
Let d(j) = -3*j**2 + 115*j + 200426. Give d(-240).
26
Let b(o) = 76*o**3 + 7*o**2 + 153*o - 311. Give b(2).
631
Let d(z) = z**2 - 174101*z + 2089073. Calculate d(12).
5
Let k(t) = -222*t**2 - 507*t + 1024. Give k(2).
-878
Let n(b) = 89*b**2 - 19712*b + 39424. Determine n(2).
356
Let a(j) = 3*j**3 + 7*j**2 - 143*j - 51. Calculate a(-8).
5
Let v(q) = -3777*q - 789328. What is v(-209)?
65
Let b(g) = -2*g**2 - 1258*g - 63147. Calculate b(-55).
-7
Let z(r) = 465*r**2 - 6037*r - 33. Calculate z(13).
71
Let y(s) = -4265*s - 2106914. Determine y(-494).
-4
Let j(w) = -4*w**3 + 131*w**2 - 1440*w + 48606. Determine j(33).
-3
Let b(q) = 6*q**3 - 3*q**2 - 22*q + 135. Determine b(5).
700
Let j(p) = p**3 + 15*p**2 + 50*p + 430. What is j(-14)?
-74
Let v(z) = 3043*z + 316484. What is v(-104)?
12
Let o(b) = -7*b**3 - 757*b**2 - 806*b + 5339. Give o(-107).
-11
Let v(t) = t**2 - 18843*t - 264002. Give v(-14).
-4
Let l(g) = -811*g - 11227. Give l(-14).
127
Let d(q) = -q**3 - 150*q**2 - 4001*q - 229. Determine d(-35).
-1069
Let l(a) = -346054*a - 11. Determine l(0).
-11
Let j(w) = w**2 - 1096*w + 248752. Determine j(775).
-23
Let y(r) = -4*r**2 - 337*r - 2657. Give y(-10).
313
Let c(y) = y**2 - 2251*y + 1266733. Give c(1121).
3
Let x(c) = c**3 - 355*c**2 - 1079*c + 1801. Calculate x(358).
11
Let j(f) = 79315*f - 8962615. Give j(113).
-20
Let g(f) = -21*f**2 - 332*f - 139. What is g(-16)?
-203
Let g(v) = 2*v**3 - 12*v**2 - 31*v + 202. Give g(12).
1558
Let f(r) = -r**3 + 19*r**2 + 65*r - 1152. Give f(20).
-252
Let q(t) = 9172*t + 146751. Give q(-16).
-1
Let m(x) = x**3 - 18*x**2 - 188*x - 264. What is m(27)?
1221
Let r(p) = -1171*p + 107757. Calculate r(92).
25
Let g(l) = -l**2 + 3799*l - 26432. What is g(7)?
112
Let y(f) = 332*f + 126900. Determine y(-382).
76
Let k(s) = -39*s**3 - 12*s**2 - 30*s - 38. Calculate k(-1).
19
Let b(k) = 14377*k**2 + 88. What is b(0)?
88
Let w(a) = -90*a**2 - 33200*a + 3705. Determine w(-369).
15
Let p(o) = -o**3 - 526*o**2 - 25508*o - 9426. Determine p(-472).
14
Let l(p) = -1078593*p - 1078565. Give l(-1).
28
Let o(r) = -464*r + 12053. What is o(27)?
-475
Let b(y) = -y**3 + 24*y**2 - 100*y + 67. Calculate b(25).
-3058
Let x(a) = 11*a**2 - 55*a + 198. Give x(9).
594
Let q(m) = -100*m - 39627. What is q(-396)?
-27
Let u(v) = -v**3 - 41*v**2 + 583*v - 206. Calculate u(11).
-85
Let o(l) = 4669*l - 5009851. Calculate o(1073).
-14
Let k(z) = 47*z**3 - 1597*z**2 - 62*z + 38. Calculate k(34).
-914
Let a(z) = -4325*z - 211928. Calculate a(-49).
-3
Let x(i) = i**3 - 99*i**2 - 10002*i + 988991. Determine x(102).
-1
Let r(w) = 4*w**2 + 41157*w - 700818. Calculate r(17).
7
Let x(g) = 1115*g + 307777. Give x(-276).
37
Let k(a) = 413*a**3 - 50*a**2 + 44*a + 3. What is k(1)?
410
Let a(l) = -103*l**2 - 1071*l - 3. Give a(-7).
2447
Let m(g) = g**2 - 6126*g + 5337849. Determine m(1052).
1
Let l(k) = -2*k**3 + 514*k**2 + 766*k + 628575. Calculate l(263).
5
Let k(r) = 2*r**2 - 122*r + 2. Calculate k(60).
-118
Let i(r) = 2*r**3 + 367*r**2 - 177*r + 1558. What is i(-184)?
270
Let q(f) = -118*f**3 + 38*f**2 - 20*f - 100. Calculate q(2).
-932
Let v(o) = -7696*o - 592614. What is v(-77)?
-22
Let w(s) = 3774*s + 19023. Determine w(-5).
153
Let n(p) = 27293*p - 190973. Calculate n(7).
78
Let k(l) = -l**3 - 22*l**2 + 794*l + 14929. Calculate k(-17).
-14
Let a(k) = k**2 - 6941*k + 289552. What is a(42)?
-206
Let t(p) = -608*p - 2253. Determine t(-3).
-429
Let c(m) = 3*m**3 - 21*m**2 - 5370*m + 37590. What is c(7)?
0
Let m(j) = 1482*j + 29610. What is m(-20)?
-30
Let q(g) = g**3 + 35*g**2 + 1532*g + 6901. Calculate q(-5).
-9
Let u(c) = 3225*c - 248293. What is u(77)?
32
Let f(w) = w**3 + 9*w**2 - 96*w - 665. Determine f(-9).
199
Let f(p) = -28*p**3 - 17106*p**2 + 1222*p - 304. What is f(-611)?
-304
Let t(w) = 27*w**2 - 3806*w - 133075. Give t(-29).
6
Let y(u) = 258*u + 9983. What is y(-39)?
-79
Let v(u) = u**3 + 86*u**2 - 3044*u + 716. Calculate v(-113).
-75
Let k(x) = -x**3 + 41*x**2 - 343*x - 1462. Calculate k(23).
171
Let w(v) = -293*v + 58737. Determine w(196).
1309
Let o(w) = w**3 + 5*w**2 - 533*w + 3. Calculate o(0).
3
Let r(q) = q**2 + 24*q + 12. Calculate r(-27).
93
Let p(w) = w**3 + 69*w**2 + 526*w - 19. What is p(-9)?
107
Let t(n) = -8230*n - 1209880. Give t(-147).
-70
Let p(v) = 1284*v - 15467. Determine p(12).
-59
Let y(r) = r**3 - 164*r**2 - 318*r + 876. Give y(166).
3200
Let k(t) = 15407*t + 769. What is k(0)?
769
Let o(a) = -a**3 - 209*a**2 + 1899*a - 13673. Calculate o(-218).
61
Let s(v) = -1863905*v + 1863929. Determine s(1).
24
Let u(m) = -4*m**2 - 373*m - 3673. Determine u(-11).
-54
Let u(l) = -65*l**2 - 479*l. Determine u(-8).
-328
Let p(j) = -2*j**2 - 509*j - 2697. Determine p(-5).
-202
Let u(q) = q**2 - 7561*q + 60432. What is u(8)?
8
Let c(p) = -2*p**2 + 1356*p + 68140. Calculate c(-47).
-10
Let l(x) = -228*x**2 + 46*x + 135. Determine l(1).
-47
Let s(l) = 81*l - 11769. Determine s(145).
-24
Let x(f) = f**3 - f**2 + 3702*f - 7407. Give x(2).
1
Let j(y) = -2*y**2 + 510*y - 21913. Calculate j(55).
87
Let k(v) = 173*v - 1927. Give k(11).
-24
Let t(j) = 5044*j - 877659. Determine t(174).
-3
Let v(r) = -r**2 + 10526*r - 4486062. Give v(445).
-17
Let m(n) = -2*n**3 + 33*n**2 - 46*n + 33. What is m(14)?
369
Let j(l) = -1855*l + 936793. What is j(505)?
18
Let p(b) = -5805*b - 22944. Give p(-4).
276
Let m(q) = 20*q**2 - 170*q + 89. What is m(10)?
389
Let o(h) = 1757*h + 27723. Calculate o(-13).
4882
Let p(c) = -50091*c - 1803270. Determine p(-36).
6
Let a(x) = -6*x**3 - 249*x**2 - 127*x - 192. Give a(-41).
-28
Let y(d) = -d**2 + 143*d - 4829. Calculate y(89).
-23
Let b(q) = -12701*q - 101612. Give b(-8).
-4
Let f(t) = -2*t**3 - 672*t**2 - 662*t + 2723. Calculate f(-335).
43
Let o(f) = 19484*f - 13931061. Calculate o(715).
-1
Let k(v) = 3*v**2 - 155*v - 40599. Determine k(145).
1
Let z(y) = -5*y**2 + 251739*y + 503490. Calculate z(-2).
-8
Let h(y) = 639*y - 176029. Calculate h(276).
335
Let b(z) = -13*z**2 + 6325*z - 3402. Determine b(486).
0
Let m(f) = 4*f**3 + 45*f**2 - 21*f - 132. Give m(-7).
848
Let w(j) = 2*j**2 + 205*j + 3110. What is w(-47)?
-2107
Let x(i) = 1688*i + 106505. Calculate x(-63).
161
Let i(d) = -434131*d - 2604799. What is i(-6)?
-13
Let x(t) = t**2 - 952*t - 14508. Calculate x(-15).
-3
Let f(r) = 55*r**3 - 944*r**2 + 138*r + 253. Determine f(17).
-2
Let i(l) = -7*l**3 - 15*l**2 + 16*l + 77. Calculate i(-8).
2573
Let s(j) = -43381*j - 476902. Determine s(-11).
289
Let h(f) = -12652*f - 101491. Calculate h(-8).
-275
Let u(a) = -3*a**3 - 3884*a**2 + 92255*a - 6593. Calculate u(-1318).
-3
Let d(c) = -c**3 + 22*c**2 - 634*c + 8251. Calculate d(16).
-357
Let v(w) = -1